s the remainder when 116 is divided by 6?
2
What is the remainder when 382 is divided by 49?
39
Calculate the remainder when 169 is divided by 10.
9
Calculate the remainder when 241 is divided by 121.
120
Calculate the remainder when 198 is divided by 67.
64
What is the remainder when 71 is divided by 17?
3
Calculate the remainder when 96 is divided by 33.
30
Calculate the remainder when 1936 is divided by 17.
15
Calculate the remainder when 404 is divided by 81.
80
What is the remainder when 8139 is divided by 118?
115
Calculate the remainder when 4740 is divided by 1576.
12
Calculate the remainder when 299 is divided by 140.
19
Calculate the remainder when 1521 is divided by 189.
9
What is the remainder when 4485 is divided by 66?
63
What is the remainder when 62 is divided by 34?
28
Calculate the remainder when 527 is divided by 66.
65
What is the remainder when 299 is divided by 60?
59
What is the remainder when 1024 is divided by 38?
36
Calculate the remainder when 125 is divided by 18.
17
What is the remainder when 741 is divided by 209?
114
Calculate the remainder when 487 is divided by 99.
91
Calculate the remainder when 15 is divided by 4.
3
Calculate the remainder when 245 is divided by 104.
37
What is the remainder when 35886 is divided by 16?
14
What is the remainder when 1630 is divided by 23?
20
Calculate the remainder when 579 is divided by 43.
20
Calculate the remainder when 4695 is divided by 18.
15
Calculate the remainder when 790 is divided by 371.
48
What is the remainder when 506 is divided by 32?
26
Calculate the remainder when 8677 is divided by 124.
121
What is the remainder when 734 is divided by 8?
6
What is the remainder when 1566 is divided by 8?
6
Calculate the remainder when 682 is divided by 49.
45
Calculate the remainder when 1195 is divided by 52.
51
Calculate the remainder when 870 is divided by 218.
216
What is the remainder when 303 is divided by 105?
93
Calculate the remainder when 3294 is divided by 21.
18
What is the remainder when 94 is divided by 25?
19
Calculate the remainder when 367 is divided by 14.
3
What is the remainder when 460 is divided by 42?
40
Calculate the remainder when 1270 is divided by 419.
13
What is the remainder when 2556 is divided by 32?
28
Calculate the remainder when 128 is divided by 42.
2
Calculate the remainder when 68 is divided by 15.
8
Calculate the remainder when 117 is divided by 12.
9
What is the remainder when 2653 is divided by 189?
7
Calculate the remainder when 1248 is divided by 11.
5
Calculate the remainder when 266 is divided by 209.
57
Calculate the remainder when 106 is divided by 22.
18
What is the remainder when 36 is divided by 2?
0
Calculate the remainder when 144 is divided by 7.
4
What is the remainder when 519 is divided by 21?
15
Calculate the remainder when 176 is divided by 59.
58
Calculate the remainder when 311 is divided by 52.
51
What is the remainder when 462 is divided by 222?
18
What is the remainder when 30177 is divided by 12?
9
What is the remainder when 1172 is divided by 24?
20
Calculate the remainder when 1884 is divided by 305.
54
What is the remainder when 1151 is divided by 36?
35
What is the remainder when 1113 is divided by 185?
3
Calculate the remainder when 2128 is divided by 39.
22
Calculate the remainder when 1012 is divided by 57.
43
Calculate the remainder when 1279 is divided by 92.
83
What is the remainder when 20 is divided by 4?
0
Calculate the remainder when 7193 is divided by 2396.
5
Calculate the remainder when 1249 is divided by 251.
245
Calculate the remainder when 343 is divided by 29.
24
What is the remainder when 47 is divided by 28?
19
What is the remainder when 5569 is divided by 169?
161
What is the remainder when 187 is divided by 87?
13
Calculate the remainder when 104 is divided by 41.
22
What is the remainder when 337 is divided by 34?
31
Calculate the remainder when 110 is divided by 27.
2
What is the remainder when 15446 is divided by 5148?
2
What is the remainder when 2 is divided by 1?
0
Calculate the remainder when 95 is divided by 5.
0
Calculate the remainder when 253 is divided by 81.
10
What is the remainder when 246 is divided by 63?
57
Calculate the remainder when 789 is divided by 5.
4
What is the remainder when 765 is divided by 59?
57
Calculate the remainder when 5189 is divided by 179.
177
What is the remainder when 3560 is divided by 36?
32
Calculate the remainder when 7008 is divided by 21.
15
What is the remainder when 831 is divided by 52?
51
What is the remainder when 493 is divided by 19?
18
Calculate the remainder when 2690 is divided by 57.
11
What is the remainder when 84 is divided by 51?
33
What is the remainder when 15705 is divided by 51?
48
Calculate the remainder when 134 is divided by 33.
2
Calculate the remainder when 293 is divided by 32.
5
What is the remainder when 664 is divided by 188?
100
Calculate the remainder when 483 is divided by 156.
15
Calculate the remainder when 1125 is divided by 285.
270
Calculate the remainder when 2540 is divided by 7.
6
What is the remainder when 1922 is divided by 384?
2
What is the remainder when 1180 is divided by 269?
104
Calculate the remainder when 208 is divided by 42.
40
Calculate the remainder when 52 is divided by 8.
4
Calculate the remainder when 465 is divided by 68.
57
Calculate the remainder when 545 is divided by 29.
23
What is the remainder when 249 is divided by 28?
25
What is the remainder when 137 is divided by 23?
22
Calculate the remainder when 2557 is divided by 40.
37
Calculate the remainder when 143 is divided by 39.
26
What is the remainder when 5365 is divided by 192?
181
What is the remainder when 2230 is divided by 18?
16
Calculate the remainder when 131 is divided by 73.
58
Calculate the remainder when 2856 is divided by 31.
4
Calculate the remainder when 257 is divided by 52.
49
What is the remainder when 37234 is divided by 12?
10
What is the remainder when 68 is divided by 60?
8
Calculate the remainder when 8812 is divided by 29.
25
What is the remainder when 165 is divided by 60?
45
Calculate the remainder when 1876 is divided by 11.
6
What is the remainder when 747 is divided by 747?
0
What is the remainder when 4460 is divided by 18?
14
What is the remainder when 746 is divided by 301?
144
What is the remainder when 448 is divided by 18?
16
Calculate the remainder when 615 is divided by 132.
87
What is the remainder when 850 is divided by 146?
120
What is the remainder when 267 is divided by 55?
47
Calculate the remainder when 334 is divided by 164.
6
What is the remainder when 1427 is divided by 35?
27
What is the remainder when 349 is divided by 44?
41
Calculate the remainder when 175 is divided by 143.
32
What is the remainder when 3372 is divided by 25?
22
What is the remainder when 98 is divided by 50?
48
Calculate the remainder when 682 is divided by 9.
7
Calculate the remainder when 490 is divided by 100.
90
What is the remainder when 4470 is divided by 71?
68
Calculate the remainder when 2296 is divided by 764.
4
What is the remainder when 834 is divided by 820?
14
What is the remainder when 287 is divided by 188?
99
Calculate the remainder when 448 is divided by 17.
6
What is the remainder when 51 is divided by 24?
3
Calculate the remainder when 3721 is divided by 926.
17
What is the remainder when 8319 is divided by 64?
63
What is the remainder when 315 is divided by 139?
37
Calculate the remainder when 21621 is divided by 106.
103
Calculate the remainder when 137 is divided by 30.
17
Calculate the remainder when 5325 is divided by 148.
145
What is the remainder when 1254 is divided by 37?
33
Calculate the remainder when 2153 is divided by 26.
21
Calculate the remainder when 7614 is divided by 35.
19
What is the remainder when 433 is divided by 15?
13
What is the remainder when 5623 is divided by 75?
73
What is the remainder when 1284 is divided by 23?
19
Calculate the remainder when 7493 is divided by 416.
5
What is the remainder when 3970 is divided by 53?
48
What is the remainder when 6331 is divided by 151?
140
Calculate the remainder when 94 is divided by 8.
6
What is the remainder when 30 is divided by 5?
0
Calculate the remainder when 56 is divided by 30.
26
What is the remainder when 2